en q is divided by 4/10 - 747/(-45)?
11
Let k = 29 + 18. Suppose -3*u - 124 = -43. Let h = u + 44. Calculate the remainder when k is divided by h.
13
Suppose v = 4*a + 67, -24 - 29 = 3*a + 2*v. Let y(s) = -s**2 - 16*s + 31. What is the remainder when 27 is divided by y(a)?
13
Let b(v) = -4*v**3 - 101*v**2 - 121*v - 18. What is the remainder when 899 is divided by b(-24)?
5
Let j(g) = -3*g**2 - 18*g + 3*g + g**2 + g**2 - 11. Let a be j(-14). Suppose 4*y = 10 + 2, -a*y + 21 = 3*s. Calculate the remainder when 5 is divided by s.
1
What is the remainder when (5 + 5)/2 + (-1 - 1) + 478 is divided by 268?
213
Suppose -2*u + 15*h = 18*h - 4645, -h + 6992 = 3*u. What is the remainder when u is divided by 50?
33
Suppose 5*p + 50 - 150 = 0. Let u be (8*1/24)/((-2)/(-24)). Suppose -25 = -5*t, 0 = h + u*t + t - 84. Calculate the remainder when h is divided by p.
19
Let z = 26 - 22. Suppose -4*m = 12, -z*n - m + 134 = 49. What is the remainder when 173 is divided by n?
19
Suppose 5*u = 2*i + 15, 5 - 2 = -2*i + u. Let o = -49 + 50. Calculate the remainder when 204 is divided by ((i - o)*41)/(-1).
40
Let r be (13 - 2)*(-66)/(-2). Suppose -4*v + 254 = -o, 0 = 2*o + v + 2*v + 508. Let c = r + o. Calculate the remainder when c is divided by 14.
11
Let q = 11665 - 10817. Calculate the remainder when q is divided by 27.
11
Calculate the remainder when 93 is divided by 12 + 128/48*3.
13
Let r(l) = -l**2 + 41*l + 1138. Calculate the remainder when r(59) is divided by 68.
8
Let m be ((-698)/(-8))/((276/48)/(-23)). Let j = m + 392. What is the remainder when 214 is divided by j?
42
Let o(a) = 29*a - 62. Let f(l) = -29*l + 60. Let g(u) = 3*f(u) + 2*o(u). What is the remainder when 331 is divided by g(0)?
51
Let j be 4/6 - 4/(-3). Let q = 2617 + -2606. Suppose -o + j*w = -12, 4*o - 4*w - 29 - q = 0. Calculate the remainder when 23 is divided by o.
7
Suppose -4*q = -4*w + 8, -7*w - 4*q - 8 = -4*w. Suppose -10*v + 34 + 36 = w. What is the remainder when (-187)/(-4) - (-1)/4 is divided by v?
5
Let j(t) = 112*t - 481. Calculate the remainder when j(5) is divided by 72.
7
Let o(s) = s**2 - 68*s + 7. Calculate the remainder when o(70) is divided by 24.
3
Let x(h) = -6*h + 2. Let j be (-12)/(-18)*(-2 - 1). What is the remainder when 165 is divided by x(j)?
11
Suppose -d + 8 + 9 = -2*p, 0 = 2*p - 5*d + 21. Let j(z) = 2*z + 17. Let b be j(p). Calculate the remainder when 16 is divided by (-28)/(-5) + b/(20/8).
4
Suppose 3388*x - 3392*x + 2144 = 0. What is the remainder when x is divided by 52?
16
What is the remainder when 1086 is divided by (-8988)/(-18) + ((-154)/33)/14?
88
Calculate the remainder when 295/1*(-5 + (1 - (-12 + 7))) is divided by 59.
0
Let k(q) = q**3 - 11*q**2 + 11*q + 14. Let f be k(10). Let x = 15 + f. Calculate the remainder when x is divided by 21.
18
Let l = 33 - 63. Suppose 14*b - 24 = 6*b. What is the remainder when 1/b + 32/(-36)*l is divided by 15?
12
Suppose 2091 = 12*d - 45. Let n = d + -120. What is the remainder when 121 is divided by n?
5
What is the remainder when 11*(1 - 2) - -225 is divided by 76?
62
Suppose 2*u - 28 = 10. Let n(x) = x**3 + 6*x**2 - 9*x - 9. Let m be (-1)/((-1)/(-14)*2). What is the remainder when u is divided by n(m)?
4
Suppose y + 2*m - 160 = 0, 5*y - 9*y = 2*m - 658. Calculate the remainder when y - (5 - 8) - 2 is divided by 56.
55
Let c be ((-1)/(-3) - 1)*(-414)/(-12). Let v = c + 30. Let a = 14 - -11. Calculate the remainder when a is divided by v.
4
Let k = -5 - 29. Let t(u) = -u**3 - 35*u**2 - 30*u + 143. What is the remainder when 18 is divided by t(k)?
4
Suppose -2*q - 57 = -j, 2*j - 6*j + 3*q + 203 = 0. Suppose 5*t + 4*t = 99. Suppose 27*o = t*o + 400. What is the remainder when j is divided by o?
22
Suppose -337 = -4*t - 133. Let v = 55 - t. Suppose -4*h + z - 36 = -108, -v*h = -4*z - 60. What is the remainder when 94 is divided by h?
18
Suppose 2*l + 11*l - 1415 + 37 = 0. What is the remainder when 355 is divided by l?
37
Suppose 3*m - 4*p = 42, -6*p + 2*p - 14 = -m. Let j = m + 20. What is the remainder when 101 is divided by j?
33
Let t be -3*(3 + -1) - -99. Suppose i = 3*b - 59, t = 4*b + 3*i + 10. Let j(v) = v**2 - 9*v + 11. What is the remainder when b is divided by j(9)?
9
Suppose 3*m - 25 = 8*m, -5*m = 3*l + 25. Suppose l = -6*n + 145 + 89. What is the remainder when ((-69)/9)/((-2)/30) is divided by n?
37
Suppose -2*t = 5*j - 44, -3*j = -8*j + 5*t + 30. Suppose -2*n + 72 = -2*f + 7*f, -66 = -n + 5*f. What is the remainder when n is divided by j?
6
Let a(y) = -y**3 - 31*y**2 - 31*y + 11. Let s be a(-30). Suppose s*q + 7*q = 12864. Calculate the remainder when q is divided by 34.
30
Let t = 13 - 22. Let u(w) = w**2 + 25*w + 180. Let n be u(-11). Let z = t + n. Calculate the remainder when 49 is divided by z.
15
Let x(p) = p**3 + 15*p**2 + 6*p + 16. Let c be x(-15). Suppose 0 = -0*b - b - 9. What is the remainder when c*(b/(-2))/(-9) is divided by 13?
11
Let r(d) = 2*d**2 - 84*d + 100. Calculate the remainder when r(51) is divided by 12.
10
Let u(m) = -m**3 + 31*m**2 - 82*m + 1498. What is the remainder when u(26) is divided by 11?
7
Let w(s) = 15*s - 134. What is the remainder when 661 is divided by w(18)?
117
Suppose 6 = -34*v + 36*v. Suppose 0 = -v*f + 537 + 1488. Calculate the remainder when f is divided by 26.
25
Let m(h) = -h**3 + 2*h**2 + 10*h + 19. Let i be m(-3). Suppose -5*v + 73 = 3*w - i, v = 2*w + 11. Calculate the remainder when 110 is divided by v.
15
What is the remainder when (147 - -27)/((-9)/(-39)) is divided by 18?
16
Suppose 77*u = 73*u + 5*t + 4137, 0 = -u + 4*t + 1037. What is the remainder when u is divided by 207?
205
Suppose 2*s + 3*l - 6*l - 2 = 0, 2*s = l - 2. What is the remainder when 1*(-2)/(-6)*33 is divided by s/2*(2 + 19)/(-7)?
2
Suppose 2*a + 2*n + 106 = 4*a, 53 = a + 2*n. Let s = -35 - -75. Suppose -4*x = -12, -i - 5*x = -x - s. What is the remainder when a is divided by i?
25
Suppose 0 = 5*d - q - 206, -4*d = -2*q - 86 - 74. Let j = d + 44. Calculate the remainder when j is divided by 22.
20
Suppose 8*j + 0*j = 4*j. Suppose 2*w + 5*m - 1 = j, w - 5*w = -m - 35. Let k(s) = -s**3 + 11*s**2 + 2*s - 9. Calculate the remainder when k(w) is divided by 50.
49
Let c = 159 - 156. What is the remainder when c - (-3 + (-25)/1) is divided by 6?
1
Let b(v) = v**2 - 42*v + 168. Calculate the remainder when 8910 is divided by b(4).
14
Let l(x) = -3*x + 6. Let a be l(-4). Calculate the remainder when ((-140)/(-63) + (-4)/a)*2 is divided by -3 - 6/(-3)*3.
1
What is the remainder when 179598/(-333)*(-6)/4 is divided by 27?
26
Let v(n) be the second derivative of 1/12*n**4 - 21*n - 11/2*n**2 + n**3 + 0. What is the remainder when 61 is divided by v(-9)?
13
Suppose 15543 = 9*j + 2*w, 11 = -w + 20. Calculate the remainder when j is divided by 131.
22
Let c = -1067 - -1114. What is the remainder when 377 is divided by c?
1
Suppose -5*f + 0*f = -250. Let x(q) = q**3 + 5*q**2 - 5*q + 2. Let v = -20 - -15. Calculate the remainder when f is divided by x(v).
23
Let n(s) = 2*s**3 + 26*s**2 - 2*s + 18. Suppose 6*x + 26 = 4*x. Calculate the remainder when n(x) is divided by 9.
8
Let p = 2320 + -2162. What is the remainder when p is divided by 65?
28
Let p = -17 + 30. Suppose h - t = 37, -4*t + 112 = 5*h - 37. Suppose 4*x - h = -q, -2*x = -19*q + 17*q - 14. Calculate the remainder when p is divided by x.
5
Suppose -1754 = 9*r - 305. Let c = 293 + r. What is the remainder when c is divided by 9?
6
Let f = 16825 + -16701. Suppose 3*d = 3*v - 114, 161 = 4*v - 3*d + 11. Let x = -15 + v. Calculate the remainder when f is divided by x.
19
Suppose 3*t = 2*v - 624, v - 1044 = 5*t - v. What is the remainder when 67 is divided by 2/21 + (-7750)/t?
30
Let l(d) = -260*d - 5119. Calculate the remainder when 111 is divided by l(-20).
30
Let b be 10/(-2)*(-4 - (-96)/15). Let t be (b/(-8) + (-6)/4)/(-1). Suppose t = 12*k - 13*k + 20. What is the remainder when 37 is divided by k?
17
Suppose 3*b + 2*z = 128, 0*z + 189 = 4*b - z. Let v(x) = -9*x - 68. Let d be v(-11). What is the remainder when b is divided by (d + -1)*(70/50 + -1)?
10
Calculate the remainder when 3872 is divided by (-892)/(-68) - (-62)/(-527).
11
Let d = 3121 + -3107. What is the remainder when 96 is divided by d?
12
Let z(n) = 124*n - 6. Let p be z